*2 + 0*q**2 + 4*q + 3 - 2. Let s = 132 - 128. Is d(s) composite?
False
Is ((-99378)/(-10) - -4) + (-24)/30 prime?
True
Suppose -334*b + 18 = -331*b. Suppose 5*s = b*s - 3*v - 1547, 7787 = 5*s - 2*v. Is s prime?
True
Suppose -4*q - 7921 = -33197. Is q prime?
False
Let s be 1431/4 - (3 + (-9)/4). Is s + -2 + 0 - (3 + -3) a prime number?
False
Suppose 5*i + 4*y - 14 = 0, -i = -0*i + 3*y - 5. Suppose 0 = 2*n + i*n, -5*o - 4*n = 65. Is (-13)/o*791/1 a composite number?
True
Let o(l) = l**3 - 14*l**2 + 14*l - 15. Let y be o(13). Is 4 - (y - -4) - -1101 prime?
True
Let z be 1/(1/19 + 0). Let x = -86 - z. Is (x/(-10))/(1/2) a composite number?
True
Suppose 0*i + 20 = -5*d - 4*i, -2*i = 10. Suppose 5*a - 316 - 269 = d. Suppose -h - 3 = 0, t - 43 = 5*h + a. Is t a prime number?
False
Is ((-165395)/(-190))/((-1)/(-2)) a composite number?
False
Let k(i) = -6*i - 23. Let y be k(-12). Let h = 348 - y. Is h a prime number?
False
Let m(c) = -4*c - 13. Let o be m(-7). Is 1/((o/879)/5) a composite number?
False
Suppose -106209 = -76*r + 67*r. Is r composite?
False
Let a(k) = 1691*k + 64. Is a(7) a prime number?
False
Let x(q) = -7*q - 10. Let d be x(6). Let g = 77 + d. Is -1*5/(g/(-635)) composite?
False
Let t = -20 - -19. Is (95 + t)/(3 - (5 + -3)) a prime number?
False
Let l = -1835 - -4466. Is l composite?
True
Suppose 3*u - 2*y = 4*u - 12, -2*y - 4 = -3*u. Suppose -2*j = -0*o + u*o - 1958, 2*j - 2 = 0. Is o a composite number?
True
Let y(f) be the second derivative of -f**5/20 - 2*f**4/3 + 3*f**3/2 + 2*f**2 + 2*f. Let j be y(-9). Suppose j*v + 9 = 49. Is v a composite number?
True
Let n(i) = -30*i - 99*i - 3 + 5. Let s = 94 - 95. Is n(s) composite?
False
Let b(q) be the first derivative of -q**4/4 - 3*q**3 + 5*q**2/2 - 13*q - 1. Suppose 0 = f + f + 20. Is b(f) composite?
False
Suppose 2*a + 243 = j + 6*a, 3*j + 3*a - 729 = 0. Let b = 674 - j. Is b prime?
True
Suppose 0 = -5*v - 5 + 60. Is v/(-33)*(-3*4317)/3 a composite number?
False
Let q(f) = 15*f**2 - 3*f - 1. Suppose 3*i + 2*u - 25 = 0, -2*i + 30 = 2*i + 2*u. Let s be (-13)/5 + (-2)/i. Is q(s) a prime number?
False
Let f(s) = -91*s - 12. Let n be f(-6). Suppose 2*u - n = v, -v = -4*u - 3*v + 1052. Is u prime?
False
Let p(y) be the third derivative of -y**5/60 - 5*y**4/24 - y**3/2 + 5*y**2. Let n be p(-4). Is n/(2/(-1510))*-1 composite?
True
Let q = 1781 - -1140. Is q a prime number?
False
Is 3/(12/(-6628))*6/(-2) composite?
True
Let q be (2/(-5))/((-9)/90). Suppose q*f - 1629 = -5*k + 1610, 0 = 5*k + f - 3236. Is k composite?
False
Is (-15440)/20*((-60)/16 - -1) prime?
False
Suppose -4*g = -18 - 18. Suppose 4*t - g*t = -14305. Is t a prime number?
True
Let u = -15 - -25. Suppose -3*h = 2*h + u. Is 237/(-3 - (h + -2)) a prime number?
False
Let r(w) = -w**3 - 22*w**2 + 47*w + 22. Is r(-31) a composite number?
True
Suppose o = -4*k + 57, -3*o - 3*k + 104 = -o. Is o prime?
False
Suppose -2*c + 6*c = 692. Suppose 0*o + 2*o = 4*v + 48, -92 = -5*o + 3*v. Suppose o = -g - f + c, 0 = -g + 2*f + 157. Is g a composite number?
False
Suppose w + 2 = 3. Is (1370/(-4))/(w/(-2)) prime?
False
Is 2329/(-3 - -4) + 0 composite?
True
Suppose 5*h = 11*h - 6. Is 10*h*((-777)/(-6) - 4) prime?
False
Let t(h) = 243*h + 209. Is t(8) a composite number?
False
Suppose 4*p + 4*o - 16 = 0, -p - 6*o + 12 = -o. Suppose 5*a = 5*f, p*a - 16 = -0*f - 2*f. Is a/(-4)*(2 + -48) prime?
False
Let n(o) = -3199 + 0*o**2 + 5*o**3 + 3204 - 7*o**2 - 4*o. Is n(6) a composite number?
False
Is 2 + 12/((-156)/(-518531)) a composite number?
True
Is 2/(-8)*3469224/(-66) composite?
True
Let h = -526 - -1293. Is h prime?
False
Suppose 5*m = -q + 28, -3*m - m = -q - 26. Is (2/4)/(m/26436) prime?
True
Suppose o - 16 = -7*o. Is 6 - 9 - -41*o prime?
True
Suppose -5*d + 4*c + 38 = 0, -4*c + 9*c = -5*d + 65. Suppose z - d = -z. Suppose 216 = z*w - 179. Is w a composite number?
False
Let z be (-4)/(-7) + 76/14. Let s be 2*z*(-3)/1. Let a = s + 67. Is a prime?
True
Let n(d) be the third derivative of -d**6/40 - 7*d**5/60 + 5*d**4/24 - 5*d**3/6 - 18*d**2. Is n(-8) composite?
True
Let x(d) = 166*d + 59. Is x(17) prime?
False
Let r = 11 - 8. Is 73/r + 12/18 composite?
True
Let r = 100098 + -47512. Is r a prime number?
False
Let r be ((-2)/3)/(-2)*-3. Let p be ((-18)/(-8))/(r/(-4)). Suppose 3*x = 4*m - 121, 3*x + p = m - 10. Is m a composite number?
True
Is 42825 + (-24)/(6 + -3) composite?
True
Let m(z) be the third derivative of -z**6/120 + 2*z**3/3 - z**2. Let h be m(0). Suppose -756 = -h*p + 2*u, 4*p = u - 0*u + 752. Is p a prime number?
False
Let j = 4859 + -2760. Is j a composite number?
False
Let g = -558 + 2251. Is g a composite number?
False
Let s(p) be the first derivative of p**4/2 + p**3/3 - p**2 - 2*p - 17. Is s(4) a composite number?
True
Suppose 2*b - 24 = t - 2*b, -54 = 5*t + 2*b. Let u be 8/10*1110/t. Is u*3/9*-3 prime?
False
Suppose 142*s - 147*s + 129335 = 0. Is s prime?
True
Let d(i) = i - 17. Let s be d(15). Is (s + -4 + 7)*77 prime?
False
Let d = 11 + -6. Suppose -d*w = -w + 736. Let a = w - -437. Is a a composite number?
True
Let g(x) = -x - 1. Let l(r) = -3*r - 2. Let v(y) = -5*g(y) + 2*l(y). Let f be v(3). Is 1593/6 - (-1)/f composite?
True
Let q = -13 - -31. Suppose -5*v + 52 = -q. Is v a prime number?
False
Is 3/((-4)/(-28) + (-786)/5649) prime?
False
Let y = 0 + 3. Suppose y*g = 18 - 3. Suppose 0*m + g*m = 955. Is m prime?
True
Suppose -3*v + v = -4*y + 5590, -4*v - 1401 = -y. Is 4 + y + 1 + -1 + -4 a prime number?
False
Suppose -54 = -16*n + 22*n. Let o(r) = -5*r**3 + 8*r**2 + 9*r - 11. Is o(n) prime?
True
Is (-4)/(-7 - (0 + -3)) - -3162 a prime number?
True
Let s = -103480 + 271781. Is s a composite number?
True
Suppose -5*k + 8*k + 12 = 0, -5*y - 5*k = -213035. Is y a prime number?
True
Let o(j) = 115*j**2 + 3*j - 1. Suppose 3*u = 2*m + 3, -6 = m - 3*m. Is o(u) a prime number?
False
Let x = 2353 - 3737. Let u be x/16*(-1 + -1). Suppose -u - 335 = -4*b. Is b composite?
False
Suppose -4*c + 43068 = -2*c. Suppose 3*m + m + 2*k - c = 0, -4 = -4*k. Is m a composite number?
True
Let d = -34 - -49. Is (-3)/5 + 13164/d prime?
True
Let k = -158 + 162. Suppose -3*z + 3957 = 3*m, 5*m - z - 6595 = k*z. Is m a prime number?
True
Let z(r) = r**3 + 16*r**2 + r + 23. Let p be z(-18). Let d = p + 1146. Is d a composite number?
False
Suppose 14 = 6*l - 4. Let m(y) = 3*y**l - y - 27*y**2 + 46*y**2 - 26*y**2. Is m(7) a composite number?
True
Suppose 12 = -3*p - 0*p. Let r(q) = -5*q**3 + 5*q**2 + 4*q - 5. Is r(p) a prime number?
True
Suppose 87*o = 85*o + 61546. Is o composite?
False
Let z be (9 - (-3)/1) + -3. Let o = -2047 - -3718. Is (o/z)/((-5)/(-15)) prime?
True
Let r(g) = -6*g**2 + 5*g + 2. Let z be r(6). Let o = 2507 + z. Is o a composite number?
True
Suppose 0 = 3*x - 2*m - 4, -8*m = -3*m + 10. Suppose -3*r = -5*r + 2*n, -2*n + 8 = x. Suppose 24 = -4*k + r, -3*y - 5*k + 896 = 0. Is y a prime number?
True
Let h(l) = -2482*l + 36. Is h(-1) prime?
False
Let p be 4*3/(-10)*(5 + 0). Let g(x) = -8*x - 11. Is g(p) prime?
True
Suppose -17*l + 140 = -217. Let q be 30771/(-12)*(6 + 2). Is q/(-21) - (-3)/l prime?
True
Let m = -4573 + 8480. Is m composite?
False
Let x = -10 + 11. Let f(t) = -229*t**2 - 2*t + 1. Let m be f(x). Let d = -121 - m. Is d a prime number?
True
Suppose 21*c + 45732 = 23*c - 2*g, -g + 91489 = 4*c. Is c prime?
True
Let z(g) = 437*g**2 - 5*g + 223. Is z(8) a prime number?
True
Suppose -2*k + 23 - 59 = 0. Let f = k + 145. Is f composite?
False
Suppose -2*x + 3*x - 2 = 0. Suppose 0 = 17*q - 13*q - 20. Suppose q*w + 4*z = 286, x = 4*z + 6. Is w a composite number?
True
Let l = -2748 - -7967. Is l prime?
False
Let f(o) = 3*o**2 - o. Let m be f(1). Suppose 4*s - m*s = -5*t + 531, 5*s = -2*t + 1275. Let n = -168 + s. Is n a prime number?
False
Let a(u) = -1030*u + 9. Is a(-17) prime?
True
Let h(u) = -110*u + 11. Let c be h(-19). Let p = -1412 + c. Is p a prime number?
False
Let z = -10599 + 21778. Is z a composite number?
True
Suppose -w + 6501 = 4*z, 0 = 4*w - 14*z + 10*z - 26104. Is w a prime number?
True
Suppose 49 = 3*w + 100. Let b = 486 + w. Is b a composite number?
True
Let m be -2 + 5 - (-1 - -4). Suppose 0 = -3*w - q + 21, -4*w + 28 = 2*q - m. Is (0 - -1) + (w - -87) prime?
False
Let d = 57222 - -7861. Is d a composite number?
True
